{"id":339,"date":"2016-02-23T22:08:23","date_gmt":"2016-02-23T22:08:23","guid":{"rendered":"http:\/\/www.giuseppevisona.it\/?page_id=339"},"modified":"2016-02-23T22:11:30","modified_gmt":"2016-02-23T22:11:30","slug":"un-paese-di-campagna-diventa-polo-industriale","status":"publish","type":"page","link":"https:\/\/www.giuseppevisona.it\/index.php\/un-paese-di-campagna-diventa-polo-industriale\/","title":{"rendered":"Un paese di campagna diventa polo industriale"},"content":{"rendered":"<p><img loading=\"lazy\" decoding=\"async\" class=\"wp-image-340 alignleft\" src=\"http:\/\/www.giuseppevisona.it\/wp-content\/uploads\/2016\/02\/paese-di-campagna.jpg\" alt=\"paese di campagna\" width=\"270\" height=\"383\" srcset=\"https:\/\/www.giuseppevisona.it\/wp-content\/uploads\/2016\/02\/paese-di-campagna.jpg 600w, https:\/\/www.giuseppevisona.it\/wp-content\/uploads\/2016\/02\/paese-di-campagna-212x300.jpg 212w\" sizes=\"auto, (max-width: 270px) 100vw, 270px\" \/><\/p>\n<div data-canvas-width=\"495.8933096991149\">Ogni libro che nasce dovrebbe portare un contributo<\/div>\n<div data-canvas-width=\"238.59999130716946\">alla conoscenza e allacomprensione di noi stessi e della realt\u00e0 che ci circonda quotidianamente.<\/div>\n<div data-canvas-width=\"493.2465373745487\">Talvolta rischiamo di essere assimilabili all\u2019ambiente di vita e di lavoro senza coscienza dell\u2019essenza personale che sfuma e<\/div>\n<div data-canvas-width=\"468.24651333096443\">si perde nelle cose che usiamo o produciamo. La capacit\u00e0 di mantenere, costruire una identit\u00e0personale e collettiva \u00e8 prerequisito per valutare,indirizzare il nostrooperato.<\/div>\n<div data-canvas-width=\"468.24651333096443\"><\/div>\n<div data-canvas-width=\"468.24651333096443\"><\/div>\n<div data-canvas-width=\"468.24651333096443\"><\/div>\n<p><a href=\"http:\/\/www.giuseppevisona.it\/wp-content\/uploads\/2016\/02\/un-paese-di-campagna-diventa-polo-industriale.pdf\" rel=\"\">un paese di campagna diventa polo industriale<\/a><\/p>\n","protected":false},"excerpt":{"rendered":"<p>Ogni libro che nasce dovrebbe portare un contributo alla conoscenza e allacomprensione di noi stessi e della realt\u00e0 che ci circonda quotidianamente. Talvolta rischiamo di essere assimilabili all\u2019ambiente di vita e di lavoro senza coscienza dell\u2019essenza personale che sfuma e si perde nelle cose che usiamo o produciamo. La capacit\u00e0 di mantenere, costruire una identit\u00e0personale [&hellip;]<\/p>\n","protected":false},"author":1,"featured_media":0,"parent":0,"menu_order":0,"comment_status":"closed","ping_status":"closed","template":"","meta":{"footnotes":""},"class_list":["post-339","page","type-page","status-publish","hentry"],"_links":{"self":[{"href":"https:\/\/www.giuseppevisona.it\/index.php\/wp-json\/wp\/v2\/pages\/339","targetHints":{"allow":["GET"]}}],"collection":[{"href":"https:\/\/www.giuseppevisona.it\/index.php\/wp-json\/wp\/v2\/pages"}],"about":[{"href":"https:\/\/www.giuseppevisona.it\/index.php\/wp-json\/wp\/v2\/types\/page"}],"author":[{"embeddable":true,"href":"https:\/\/www.giuseppevisona.it\/index.php\/wp-json\/wp\/v2\/users\/1"}],"replies":[{"embeddable":true,"href":"https:\/\/www.giuseppevisona.it\/index.php\/wp-json\/wp\/v2\/comments?post=339"}],"version-history":[{"count":3,"href":"https:\/\/www.giuseppevisona.it\/index.php\/wp-json\/wp\/v2\/pages\/339\/revisions"}],"predecessor-version":[{"id":345,"href":"https:\/\/www.giuseppevisona.it\/index.php\/wp-json\/wp\/v2\/pages\/339\/revisions\/345"}],"wp:attachment":[{"href":"https:\/\/www.giuseppevisona.it\/index.php\/wp-json\/wp\/v2\/media?parent=339"}],"curies":[{"name":"wp","href":"https:\/\/api.w.org\/{rel}","templated":true}]}}